e?
False
Is 82208597 composite?
False
Is 174745451 a composite number?
True
Is 2720167 a composite number?
True
Is 70410169 a composite number?
False
Is 5826187 composite?
True
Is 71780977 a prime number?
False
Is 1585529 a composite number?
True
Is 24838253 prime?
False
Is 144564011 composite?
False
Is 19758053 a prime number?
False
Is 1821959 prime?
True
Is 605221 composite?
False
Is 56923597 a prime number?
False
Is 1824087 a prime number?
False
Is 2902019 a prime number?
False
Is 87772739 composite?
False
Is 8278071 composite?
True
Is 171766871 prime?
False
Is 14821481 a composite number?
False
Is 4157533 prime?
False
Is 10232741 composite?
True
Is 9453079 prime?
True
Is 14466833 composite?
False
Is 89653107 composite?
True
Is 23745731 prime?
True
Is 1700467 prime?
False
Is 2136257 prime?
False
Is 2558131 a prime number?
True
Is 5963761 prime?
True
Is 7146922 a composite number?
True
Is 5762203 prime?
True
Is 65446027 prime?
True
Is 927287 a composite number?
False
Is 69161387 a prime number?
False
Is 31536347 prime?
True
Is 95920653 composite?
True
Is 46586393 a composite number?
True
Is 1840393 a composite number?
False
Is 116886283 prime?
False
Is 161889601 a composite number?
True
Is 48848977 composite?
False
Is 49763179 a prime number?
True
Is 4717543 prime?
True
Is 1436203 a prime number?
True
Is 964277 a prime number?
False
Is 287190413 a composite number?
False
Is 980743 prime?
False
Is 49979351 a composite number?
False
Is 16377211 a composite number?
False
Is 3882019 composite?
False
Is 126678911 a composite number?
True
Is 17305081 prime?
False
Is 10179097 prime?
True
Is 37913059 prime?
True
Is 5571179 a composite number?
False
Is 23003261 composite?
True
Is 35376251 a composite number?
True
Is 5333771 a composite number?
False
Is 14753917 a composite number?
False
Is 9261293 prime?
True
Is 279135201 prime?
False
Is 10823627 a prime number?
True
Is 22227209 prime?
True
Is 23425663 prime?
True
Is 15203987 composite?
True
Is 628351 composite?
True
Is 260514517 a prime number?
False
Is 75730583 prime?
False
Is 276067 prime?
False
Is 47479147 a composite number?
True
Is 11764814 composite?
True
Is 398387455 a composite number?
True
Is 23933015 a prime number?
False
Is 136322729 composite?
False
Is 756527 prime?
True
Is 1535477 composite?
False
Is 85721113 a prime number?
True
Is 4821899 prime?
True
Is 6473801 composite?
False
Is 8266807 a prime number?
True
Is 52566391 composite?
True
Is 1185083 composite?
True
Is 2782597 a composite number?
False
Is 24361109 a prime number?
True
Is 348323 composite?
False
Is 30453593 composite?
True
Is 20821829 prime?
False
Is 15782051 prime?
False
Is 4327849 a prime number?
False
Is 324115607 prime?
True
Is 102406301 a composite number?
True
Is 4667771 prime?
True
Is 1477233341 composite?
True
Is 60956201 composite?
True
Is 9858649 prime?
False
Is 6532889 prime?
False
Is 91016063 prime?
False
Is 1320911 prime?
True
Is 15304241 composite?
True
Is 4255781 prime?
True
Is 700398431 a composite number?
False
Is 1326173 a composite number?
True
Is 881897 a prime number?
True
Is 286488889 a prime number?
True
Is 45391877 a prime number?
True
Is 10903 a composite number?
False
Is 100218253 a prime number?
True
Is 28361309 a prime number?
True
Is 21634877 a prime number?
False
Is 2216867 prime?
False
Is 38084201 a prime number?
True
Is 10394821 a composite number?
False
Is 1189883 a composite number?
True
Is 216576931 a composite number?
True
Is 407518673 composite?
False
Is 50818249 composite?
True
Is 303501103 prime?
True
Is 478791953 a composite number?
False
Is 9427801 a composite number?
False
Is 20534879 a prime number?
True
Is 853007 a prime number?
True
Is 3362771 a prime number?
False
Is 67448597 composite?
False
Is 5402393 composite?
False
Is 888313 a composite number?
False
Is 159821 a prime number?
False
Is 2148337 prime?
True
Is 11767499 a composite number?
False
Is 10929445 composite?
True
Is 58638319 a composite number?
True
Is 76805479 a prime number?
True
Is 51426787 prime?
False
Is 2609615 composite?
True
Is 8626507 composite?
False
Is 4026037 prime?
False
Is 157707253 a prime number?
False
Is 564994613 composite?
False
Is 24513727 composite?
True
Is 140014841 a prime number?
True
Is 226392787 prime?
True
Is 436589 composite?
True
Is 425821477 composite?
False
Is 32678197 a composite number?
True
Is 5549359 a composite number?
True
Is 13455641 composite?
False
Is 47291785 composite?
True
Is 33006749 a composite number?
True
Is 1665326837 prime?
True
Is 3090551 composite?
False
Is 54357169 composite?
False
Is 47612941 a prime number?
False
Is 1428501 a composite number?
True
Is 841496155 a prime number?
False
Is 115037423 a prime number?
True
Is 53627429 a composite number?
False
Is 8256961 a composite number?
False
Is 17404099 prime?
True
Is 63641 composite?
True
Is 3511601 a composite number?
False
Is 45659231 a composite number?
True
Is 15635351 prime?
False
Is 9993757 composite?
True
Is 137824523 a prime number?
False
Is 104792789 composite?
True
Is 11159843 prime?
True
Is 61621051 a composite number?
True
Is 4956733 a prime number?
True
Is 3488141 prime?
True
Is 2765671 composite?
False
Is 33631747 prime?
False
Is 13849261 a prime number?
False
Is 6344983 a prime number?
True
Is 181079 a prime number?
False
Is 23534009 composite?
False
Is 174486979 composite?
False
Is 52726589 a composite number?
True
Is 222257654 a composite number?
True
Is 5601061 a prime number?
True
Is 27274911 composite?
True
Is 13517897 a prime number?
True
Is 85899241 prime?
True
Is 300679283 a composite number?
False
Is 716820427 a prime number?
True
Is 6964211 composite?
False
Is 758831 a composite number?
True
Is 7612823 prime?
False
Is 5634739 prime?
False
Is 6236877 composite?
True
Is 1588439 prime?
True
Is 13611583 a prime number?
True
Is 221694151 a composite number?
True
Is 422223715 composite?
True
Is 14616023 a prime number?
True
Is 919863053 composite?
True
Is 760607 a composite number?
False
Is 386138869 prime?
True
Is 2052847 composite?
True
Is 3145399 composite?
False
Is 36162803 a prime number?
False
Is 240100897 prime?
True
Is 5851313 composite?
True
Is 112431989 a composite number?
False
Is 11722237 prime?
False
Is 100369 composite?
True
Is 1174829 composite?
False
Is 1829409 a composite number?
True
Is 1053539389 a prime number?
False
Is 487994527 a prime number?
True
Is 1372541201 prime?
True
Is 25812899 composite?
True
Is 9877801 composite?
True
Is 95347139 a prime number?
False
Is 35188415 a composite number?
True
Is 285011915 composite?
True
Is 81761927 a prime number?
False
Is 2302057 a composite number?
True
Is 872687 a composite number?
False
Is 1735627 a composite number?
False
Is 59495299 a prime number?
False
Is 36126329 a prime number?
True
Is 1618703 composite?
False
Is 201310211 composite?
True
Is 3864403 prime?
True
Is 72563 a composite number?
True
Is 38993 a prime number?
True
Is 93303763 prime?
False
Is 36861647 prime?
False
Is 2793127 a composite number?
True
Is 65668457 prime?
True
Is 40390345 a composite number?
True
Is 386387291 composite?
False
Is 879143 a prime number?
True
Is 113639 prime?
False
Is 53573615 a prime number?
False
Is 150835229 prime?
True
Is 514103 a composite number?
False
Is 21187739 a prime number?
False
Is 1853977 composite?
False
Is 2071249 prime?
False
Is 72104209 a composite number?
False
Is 773339 composite?
True
Is 12447481 composite?
True
Is 575119 a prime number?
True
Is 351551 prime?
True
Is 8681633 a prime number?
False
Is 9784051 composite?
False
Is 64691507 a composite number?
False
Is 128147 a prime number?
True
Is 19362479 a prime number?
True
Is 143570363 composite?
False
Is 52385573 a composite number?
False
Is 58016039 a composite number?
False
Is 10117619 composite?
False
Is 326983 composite?
False
Is 50579 a composite number?
True
Is 173538613 composite?
False
Is 5519879 a composite number?
False
Is 37293109 a composite number?
True
Is 33885701 a prime number?
False
Is 337638815 a prime number?
False
Is 143180501 composite?
False
Is 2224489 composite?
False
Is 46653919 a composite number?
True
Is 8349002 composite?
True
Is 1091707 a composite number?
True
Is 6989429 prime?
True
Is 571331 prime?
True
Is 1278607745 prime?
False
Is